28 = 4*g. What are the prime factors of z?
2, 43, 89
Let w(q) = 3*q**3 - 1. Let a be w(1). Suppose 0 = 2*p - 3*f - 11, p - 4*p + a*f = -14. What are the prime factors of (7 - p)/(-3 - 99/(-32))?
2
Suppose 2*f + 2*y - 26 = 0, 6*f + 4*y + 20 = 8*f. Let g(q) = 45*q + 20. Let i be g(f). Suppose 2*x - x = j + 112, -j = -5*x + i. List the prime factors of x.
2, 7
Let a be ((-64)/24)/((-6)/9). Let y be a + -4 + 4 - 77. Let l = y - -109. What are the prime factors of l?
2, 3
List the prime factors of (-130 - 4)*(-3 + -81).
2, 3, 7, 67
Suppose -36 = 5*s - 26. Let r be s/9 - 8/(-9)*313. List the prime factors of (15 - 10)*r*(-2)/(-20).
139
Let p(b) = 60*b + 797. What are the prime factors of p(21)?
11, 17
Let z(q) = -1 + 360 + 29*q - 31 - 12. List the prime factors of z(24).
2, 11, 23
Let c = -828 - -587. Let a = c - -666. List the prime factors of a.
5, 17
Let g(l) be the third derivative of 0*l - 17*l**2 + 0 + l**3 + 31/24*l**4. List the prime factors of g(3).
3, 11
Let m(h) = 48945*h**2 - 498*h - 1. List the prime factors of m(1).
2, 24223
Suppose 847349 - 181047 = 26*b. What are the prime factors of b?
7, 523
Let q = 213 - 208. Suppose q*k = 1328 - 218. What are the prime factors of k?
2, 3, 37
Suppose 12660 = 6*v + 9*v. Let l = v + -501. What are the prime factors of l?
7
Let d(w) = w + 3. Let m be d(-3). Suppose m = 3*j - 4*i - 51, 2*j + 2*i - 17 = j. Suppose -3*c = -j - 19. List the prime factors of c.
2, 3
Let p(l) = l**2 + 24*l + 59. Let d be p(-27). Suppose -1068 = -4*t + d. List the prime factors of t.
2, 151
Let b(a) = -7*a - 26. Let f be b(-9). Suppose -f = -12*p + 107. Let s = 10 + p. What are the prime factors of s?
2, 11
Let d(t) = -t**3 - 23*t**2 - 23*t + 13. Suppose 21 = -3*o - 3*s - s, 2*o + 18 = -4*s. Let x = -19 + o. What are the prime factors of d(x)?
5, 7
Let k = 4794 - 4391. List the prime factors of k.
13, 31
Suppose 3*w - 17467 - 311 = 0. List the prime factors of w.
2, 2963
Let i(j) = 5*j**2 + 19*j - 28. Let w be i(-5). Suppose -997 + 307 = -4*r + 2*g, -2*r + 360 = w*g. List the prime factors of r.
5, 7
Let m = -15790 - -22212. List the prime factors of m.
2, 13, 19
Let o = -1390 - -2448. Let a = o - 743. Let h = -170 + a. What are the prime factors of h?
5, 29
Let l(w) = 47*w**3 + 13*w**2 - 298*w - 24. What are the prime factors of l(10)?
2, 19, 149
Suppose t + 3 = 11. Suppose 0 = 5*v + z + 56, -v - 2*z - 3*z = -t. What are the prime factors of v/8*3/(-9)*146?
73
Let d be (1/(-1) + 4)/((-39)/(-52)). Let u be ((-14)/4)/(1/d). Let i(s) = -s**2 - 17*s - 19. List the prime factors of i(u).
23
Suppose 0 = 3*w - 5*h + 28, 3*w - 28 = 7*w - 2*h. Let d(f) = -4*f + 3. Let t(u) = -13*u + 10. Let l(s) = -11*d(s) + 4*t(s). What are the prime factors of l(w)?
5, 11
Let p = 98 + -79. What are the prime factors of ((-8)/(-2) - 1) + p + 982?
2, 251
Let u(x) = -7*x + 39. Let r be u(5). Let g(k) = 2*k - 12. Let l be g(r). List the prime factors of 108 - -8*(-2)/l.
2, 7
Let d(s) = -12*s**2 + 24*s - 31. Let c(x) = -2*x**2 - x - 1. Let a(o) = 5*c(o) - d(o). List the prime factors of a(20).
2, 3, 41
Let d = 46 - 26. Suppose 43*z - d = 39*z. Suppose -c - 4*t + 49 = 0, 4*c - 151 = -z*t + 4*t. List the prime factors of c.
37
Let y = 82 + -78. Let s be 6/y*(-16)/12. List the prime factors of ((-632)/(-10))/(s/(-5)).
2, 79
Let f = 287 + -283. List the prime factors of f/(-48)*2 + 741/18.
41
Let u be 1*((-236)/(-8))/(1/2). Let o = u - 57. Suppose o*i - 5*i + 684 = 5*a, -2*i = -3*a + 418. What are the prime factors of a?
2, 3, 23
Let p(f) = -f**3 - 12*f**2 - 18*f - 1. Let s be p(-3). What are the prime factors of 260 + (7 - s/(-2))?
11, 23
Suppose 0 = 5*g + 382 - 1592. Suppose -2*n + g = -482. List the prime factors of n.
2, 181
Let b = 27382 - 10114. List the prime factors of b.
2, 3, 1439
Let k be 2/(-8 - 2) - (-12)/10. What are the prime factors of (k - 116)*(-51)/15?
17, 23
Let b(d) = 6*d - 24. Let v be b(12). Let x = v - 45. What are the prime factors of 188/x + 3 + (-3)/(-9)?
2, 3, 11
Suppose 32 + 8 = 5*i. Suppose 3*l - i*l = -1495. What are the prime factors of l?
13, 23
Suppose -3*p + 8 = -2*p - 5*n, 4*p - 4*n = 16. What are the prime factors of p/24 + (-2)/(96/(-16266))?
3, 113
Suppose 22*c - 2313409 = -139*c. List the prime factors of c.
14369
Let w = -59 - 25. List the prime factors of 125/(21/w*(-8)/10).
5
Let g(a) = a**3 - 4*a**2 - 13*a + 8. Let s be g(6). Suppose -c + 1039 = s*f, 3*f - 1555 = -0*c + 2*c. What are the prime factors of f?
3, 173
Suppose 49*i - 41*i - 888 = 0. Suppose 3*j + i = 765. What are the prime factors of j?
2, 109
Suppose 50*k + 28 = 57*k. Suppose -k*o = -2*y + o + 558, 3*y - 4*o = 823. List the prime factors of y.
269
Let x be -2 - ((-24)/(-8) - (2 - -25)). List the prime factors of ((-6)/15)/(5/(x*-400)).
2, 11
Let m(p) = p**3 + 2*p**2 - 9*p - 2. Let v be m(2). What are the prime factors of 1/v - (3102/(-24) + -5)?
2, 67
Let u(h) = -12*h - 55. Let a be u(-5). Suppose -5*f = a*c - 890, 0 = -f - 3*c + 12 + 166. List the prime factors of f.
2, 89
Suppose -4*r - 25516 = -32*i + 30*i, 5*i + 2*r - 63862 = 0. List the prime factors of i.
2, 5, 1277
Suppose 0*v - 5491 = 17*v. Let w = 179 - v. What are the prime factors of w?
2, 251
Let j(r) = 233*r - 6. Let o(m) = -115*m + 3. Let i(n) = -3*j(n) - 5*o(n). What are the prime factors of i(-3)?
3, 5
Let b(o) = -250*o**3 + o**2 + o - 2. Let g be b(1). Let m = 81 - g. What are the prime factors of m?
331
Let n(u) = -953*u + 566. List the prime factors of n(-4).
2, 11, 199
Suppose 2*y - 84235 = 96*z - 95*z, -42114 = -y + 4*z. List the prime factors of y.
2, 21059
Let u = 390 + 207. Suppose -5*n + n + u = 3*x, 0 = -3*n + 9. What are the prime factors of x?
3, 5, 13
Let k = 16266 - 14328. What are the prime factors of k?
2, 3, 17, 19
Let s = -82 - -74. Let a(y) = 5*y**2 - 4*y - 4. What are the prime factors of a(s)?
2, 3, 29
Let t(d) = -d - 47. Let j be t(-40). Let l(s) = 2*s**2 + 2*s - 27. List the prime factors of l(j).
3, 19
Let h(a) = -2*a**2 + 8*a - 3. Let u be h(3). Suppose -u*s - 41 - 154 = 0. Let v = s + 120. What are the prime factors of v?
5, 11
Let p(k) = -k + 148. Let f be p(-17). Suppose f*t - 1800 = 157*t. List the prime factors of t.
3, 5
Suppose 0 = 3*x - 3064 - 1769. Suppose 167*w = 158*w + x. List the prime factors of w.
179
Suppose -205*b + 268522 = -31*b - 164912. What are the prime factors of b?
47, 53
Let k(l) = 16*l + 14. Let o(i) = -14*i + 71. Let t be o(5). List the prime factors of k(t).
2, 3, 5
Let n be (12/(-10))/((-2)/270). Suppose n*u - 992 = 161*u. What are the prime factors of u?
2, 31
Let a(u) = 4*u**3 + 2*u**2 - 3*u - 7. What are the prime factors of a(7)?
2, 7, 103
Let i be (16/10)/(84/210). Suppose i*a = 3*j - 2423, 2*j - 713 = -2*a + 907. What are the prime factors of j?
809
Let w = -214 - -5964. What are the prime factors of w?
2, 5, 23
Suppose 0 = -92*l - 35*l + 641858. List the prime factors of l.
2, 7, 19
Suppose 20*k - 179556 = -3*k + 11*k. What are the prime factors of k?
13, 1151
Let n(u) = -3870*u - 772. What are the prime factors of n(-2)?
2, 13, 67
Suppose -62*g + 130527 = -234033. List the prime factors of g.
2, 3, 5, 7
Suppose 5*m - 1800*b + 1795*b = 132180, 132177 = 5*m - 2*b. What are the prime factors of m?
5, 17, 311
Let f(a) be the third derivative of 3*a**4/4 - 2*a**3 - a**2 - 2. Let c = -6 - -12. List the prime factors of f(c).
2, 3
Suppose -4*q + 12508 + 794 = 2*f, 26625 = 4*f + 5*q. List the prime factors of f.
5, 31, 43
Suppose -127*j + 2489935 = 118*j. List the prime factors of j.
10163
Let y = 96 - -576. Suppose -z + 5*d + y = 0, 0 = 5*d - 8*d - 15. What are the prime factors of z?
647
Suppose g + 62 = 3*o - 5*o, 4*g + 256 = -4*o. Let l = 73 + g. Suppose 0 = -s - i - 3*i - l, 5*s - 37 = -2*i. List the prime factors of s.
3
Let l = 39257 - 21579. What are the prime factors of l?
2, 8839
Let s be (22/8)/((21/(-12))/7). Let b(m) = -42*m + 153. What are the prime factors of b(s)?
3, 5, 41
Suppose 15088 = -7*t + 23*t. List the prime factors of 16/(-12)*3 + t.
3, 313
Let v be (0 - -1 - 1)/(-3). Suppose 5*w + 25 = 0, -4*d - 5*w + 672 + 407 = v. List the prime factors of d.
2, 3, 23
Suppose -1 = 4*g + 3*d, 28 + 8 = -4*g + 4*d. Let r be (-236)/28 + 6/(-56)*g. What are the prime factors of (-2)/(r/(-6))*178/(-3)?
89
Suppose -8249